.
-2
Let z be 40/(-18) + 4/18. Let j(k) = 3*k + 3 - k**2 - 2 - 11*k**3 + 9*k**3. Give j(z).
7
Suppose 5*l + 15 = i, -3*i + l + 3 = -0*l. Let t(s) = s**2 - 6 + 5 + 11. What is t(i)?
10
Let l(t) = t**2 + 5*t - 4. Let g(z) = z**3 + 2*z - 12. Let d be g(0). Let j be 38/(-7) - d/28. Determine l(j).
-4
Let f(o) = 3*o + 8 - 5*o - o**2 - 5*o. Let x(p) = 10*p**3 + 4*p**2 + 2*p. Let r be x(-1). Determine f(r).
0
Let h(j) = -j**3 - 3*j**2 - 1. Let u be h(-2). Let n(f) = -f**2 - 6*f - 2. Give n(u).
3
Suppose 5*n = n + 12. Suppose 0 = 3*y - 7*y - 8, v - 12 = n*y. Suppose -v = m - 4. Let j(c) = -c**3 - 2*c**2 - 3*c. What is j(m)?
6
Let w be (-28)/(-4) - (0 + 2). Let p(u) = -u + 1. Let t(q) = q**2 - 2*q + 1. Let v(d) = -3*p(d) - t(d). Give v(w).
-4
Let p be (-2 + 2)/((-4)/(-2)). Suppose -v = 3*v - 60. Let f(b) = -v + 11 + b - 5. Give f(p).
-9
Let n(w) be the third derivative of w**4/8 + 7*w**3/6 + w**2. Let k be 3*1 - (-1 + (14 - 5)). Calculate n(k).
-8
Let k be (8/(-6))/(15/(-90)). Let c = k - 11. Let z(v) = 2*v - 3. Calculate z(c).
-9
Let c(g) = -2*g + 1. Suppose -9 = -2*h + 1. Suppose 8*j = h*j + 15. Suppose -w - w - 5*b + 1 = 0, 13 = j*w + 2*b. Give c(w).
-5
Let x(c) = -c**2 - 4*c. Suppose -m = 7*s - 2*s - 2, 1 = s. Let y = 0 + m. What is x(y)?
3
Let k(s) = -3*s**2 + s**2 - 4*s + s**3 - 1 + 3*s**2. Let t be (-9 + 21/7)/2. Give k(t).
-7
Let g(c) = 3*c + 29. Let f be g(-12). Let i(l) = -l - 11. Give i(f).
-4
Suppose z + 0*z = 1. Let v(q) = -1 - q**2 + 7*q**3 - 2*q**2 + 3*q**2. Determine v(z).
6
Let f(z) = -z - 1. Let m be f(-7). Let t(g) = -4*g**2 - 25*g - 15. Let s(q) = 2*q**2 + 12*q + 7. Let b(r) = m*t(r) + 13*s(r). Let d = -13 - -9. Determine b(d).
9
Let g = 2539/6 + -422. Let q(y) be the second derivative of 1/20*y**5 - 5/12*y**4 + y + 5/2*y**2 - g*y**3 + 0. Give q(6).
-1
Let n(c) = 3*c - 5. Let g = 10 + -2. Let o = -3 + g. Calculate n(o).
10
Let j be ((-2)/6)/(9/(-27)). Let b(y) = -y**2 - y - 1. Let w(i) = -16*i**2 - 6*i - 7. Let x(v) = j*w(v) - 6*b(v). Calculate x(-1).
-11
Suppose 0 = g - 0 - 2. Let d(f) = f**2 - f - 1. Let r(z) = 4*z**2 - 3*z - 4. Let s(a) = 7*d(a) - 2*r(a). Determine s(g).
-5
Let x(y) = -y**3 + 9*y**2 + 10*y + 3. Let r be x(10). Suppose 3*p + 3*b + 18 + 3 = 0, r*p + 4*b = -23. Let f(z) = -z**2 - 2*z + 5. Calculate f(p).
-10
Let s(u) = -u**2 + 4*u + 1. Let l be s(4). Let p(w) = l - 2*w - 1 - 1. Suppose -6 = c + c. Determine p(c).
5
Let j(c) = -3*c + 2. Let k(u) be the third derivative of -u**4/24 + u**2. Let o(d) = -d**3 + 4*d**2 + 6*d - 7. Let z be o(5). Let a be k(z). Calculate j(a).
-4
Let m(s) = s + 1. Let j(c) = -5*c - 1. Let l(r) = -j(r) - 4*m(r). Let n(q) = -q**3 - 3*q**2 + 4*q + 1. Let p be n(-4). Suppose -3*f + 16 - p = 0. What is l(f)?
2
Let o = -30 - -28. Suppose 4 = h - d + 1, 0 = 2*h + 4*d. Let r(c) = 1 - h*c + 2*c + c. Calculate r(o).
-1
Let l(g) be the first derivative of -g**4/12 + g**2/2 - g - 3. Let c(k) be the first derivative of l(k). Calculate c(0).
1
Suppose -b - 7*r = -2*r + 7, 4*r + 4 = 0. Let a(w) = w**3 - w + 2. Calculate a(b).
-4
Let x(o) = 3*o**2 + 39*o - 49. Let p(l) = l**2 + 13*l - 16. Let t(w) = -7*p(w) + 2*x(w). Determine t(-14).
0
Let j(u) = 3 + 1 + 0 + 2*u - 8. What is j(-4)?
-12
Let r(b) = 2*b + 6. Let m(k) = -3*k + 15. Let y be m(7). Let t be (3/y)/((-1)/(-8)). Calculate r(t).
-2
Let f(x) = -4*x + 2. Let u be (-440)/(-100) + 3/5. Calculate f(u).
-18
Suppose 4*q + 2*h = 6, -4*h + 1 = 4*q - 3. Let t(g) = q*g**2 + 9*g**2 - 6*g**2 - g - 3 - 4*g**2. Let l(v) = v**3 + 2*v**2 + v - 1. Let s be l(-2). Give t(s).
9
Let z be ((-36)/42)/(2/14). Let r be (-32)/z + (-8)/(-12). Let t(m) = m**3 - 7*m**2 + 8*m - 7. Let o be t(r). Let v(f) = f**2 - 6*f + 2. What is v(o)?
-3
Let m = 22 - 27. Let f(h) = 2*h. What is f(m)?
-10
Let u(i) = i + 10. Let g(c) = c - 2. Let m be g(5). Suppose -3*z = 83 - 95. Suppose -z*s = -m*f - 3, -s - 23 = -f + 5*f. Calculate u(f).
5
Let m(x) = -x**2 - 7*x + 6. Let g be m(-7). Let o(d) = 2*d**2 - 3*d**2 + g*d - 2 + 0*d + 1. Calculate o(6).
-1
Suppose h + 3 = 5. Let o(v) = h*v**3 - 2*v + v**3 - 4*v**2 - 2*v**3. Determine o(4).
-8
Let c(i) = i**3 + i**2 - 1. Let x(y) = 4*y**3 + 4*y**2 - 4. Let f(p) = -5*c(p) + x(p). Let g(d) = -d**2 - 4*d + 6. Let j be g(-5). Determine f(j).
-1
Let y(p) = p + 6. Let i = 18 - 14. Let s(r) = r**3 + 2*r + 3. Let c be s(-2). Let n(t) = 2*t + 13. Let g(x) = c*y(x) + i*n(x). Give g(5).
-7
Let i(a) = a**3 - 4*a**2 - 6*a + 6. Let q be (-4)/(-10) - (-13)/5. Suppose 0*n + q*n = 15. Give i(n).
1
Let a(y) = 2*y - 2. Let l be a(2). Let p = 3 - 0. Let k(b) = 3*b**3 + 6*b**l - 2*b**p - 5*b**2 + 5. Calculate k(0).
5
Let y(m) = -m**2 + 8*m - 9. Let s be (9/(-18) + (-5)/(-2))*3. Calculate y(s).
3
Let r(q) be the second derivative of -q**3/6 + 2*q**2 + q. Suppose -5*f = -12 - 23. Let v = 12 - f. Give r(v).
-1
Suppose -2*v + 3 - 9 = 0. Let k(t) be the third derivative of t**6/120 + t**5/30 + t**4/8 + 2*t**3/3 + 3*t**2. Determine k(v).
-14
Let m(h) = h**2 + 2*h - 6. Let d(g) = 7*g - 5*g - 1 - 4 + g**2. Let l(u) = -7*d(u) + 6*m(u). What is l(-4)?
-9
Let g(y) be the second derivative of y**6/180 + y**5/30 + y**4/24 - 2*y**3/3 + 3*y. Let o(t) be the second derivative of g(t). Calculate o(-3).
7
Suppose 3*w - 16 = -5*m, -3*m = 3*w + w - 14. Let o(i) be the third derivative of w*i**2 + 0*i - 1/24*i**4 + 0 - 5/6*i**3. Give o(0).
-5
Let q(v) = -2 + 10*v + 2 + 14*v**3 - 15*v**3 - 9*v**2 - 3. Give q(-10).
-3
Let k(u) = 45*u**2 + 9*u + 4. Let g(a) = -11*a**2 - 2*a - 1. Let m(i) = 9*g(i) + 2*k(i). Determine m(1).
-10
Let o(g) = -g - 2. Suppose x - 120 = -x. Let r be ((-3)/(-6))/((-5)/x). Give o(r).
4
Let d(j) = -4 - 2*j**2 + 2 + 7*j + 2 - 1. Let f(p) = 2*p + 4. Let s be f(-5). Let r(v) = v. Let w(m) = s*r(m) + d(m). Give w(2).
-7
Let p(h) = -h + 8. Let n be p(7). Let k(v) = -5 + 3*v - n - v**2 + 5. Let j(s) = -s**3 + 7*s**2 - s + 10. Let t be j(7). Determine k(t).
-1
Let v(y) = y + 4. Let o be v(0). Let c(w) = -w - 18 - 2*w + 19. What is c(o)?
-11
Suppose 3*q + 3*y = 15, -y = 2*q - 5 - 6. Let l(d) be the third derivative of d**4/24 - 7*d**3/6 - 2*d**2. Let j be l(q). Let n(t) = 7*t**2 - t. What is n(j)?
8
Let g(t) = 2*t**3 - t**3 + t**2 + 4 - t + 0. What is g(-3)?
-11
Let r(f) = -f**3 - 6*f**2 - f - 3. Let w = -57 - -51. Give r(w).
3
Let t(c) be the second derivative of c**3/3 - c**2/2 + 8*c. What is t(-4)?
-9
Let i(t) be the second derivative of t**4/12 - 7*t**3/6 - 2*t**2 + 2*t. Let n = 33 - 26. Give i(n).
-4
Let t(l) = -2*l + 1. Suppose 3*a - v = 4*a, 0 = 4*v - 12. Give t(a).
7
Let m(l) = l**2 + 2. Let u = -81 - -81. What is m(u)?
2
Let l(g) = -g**2 + 2*g. Suppose 4*v = 3*v + 4. Let k(m) = -3 + 8 + v + 6*m - m**2. Let h be k(7). Calculate l(h).
0
Suppose -10*h - 30 = -5*h. Let o(x) = x**3 + 7*x**2 + 6*x + 6. Give o(h).
6
Let n(m) be the first derivative of m**3/3 - 4*m**2 - 5*m + 7. Give n(8).
-5
Let l(m) = -5*m**2 - 3*m + 6. Let i be (-4)/5*(-10)/(-2). Let n(y) = -11*y**2 - 6*y + 13. Let d(z) = i*n(z) + 9*l(z). Give d(-3).
2
Let b = 1 - 1. Let w be 1/(0 - 1) + b. Let p(h) = 6*h**2 - 18. Let c(t) = 1. Let d(u) = 18*c(u) + p(u). What is d(w)?
6
Let l = 6 + -2. Let r(t) = -l*t + 3*t + t - 2 + 2*t. Determine r(-2).
-6
Let r = -10 + 12. Suppose 0 = -2*m - d + r*d + 8, 3*d = -2*m. Let a(v) = v**2 - 2*v - 4. Calculate a(m).
-1
Let w(d) = d**2 - 1. Let q be 62/93 + 2/6. What is w(q)?
0
Let u(l) be the first derivative of 3*l**2/2 + 21. Determine u(-1).
-3
Let t be 8/1 - (2 - 4). Let m(r) = 3*r**2 + r + 2*r + t - r**3 - 1 - 5. What is m(4)?
0
Suppose d + 5*z = 3 + 3, z + 4 = 5*d. Let s(j) = j - 4. Let q be s(6). Let g(a) = 3 + q - 4 + 16*a - 17*a. Give g(d).
0
Let y(u) = 5*u + u - 5*u - u**2 - 1 - 5. Let a = -1 - -2. Let q = a + -1. Calculate y(q).
-6
Let s(i) be the second derivative of i**5/20 + 13*i. What is s(1)?
1
Let f(m) = 3*m. Let c be f(2). Let y = -3 + c. Let i(l) = -2*l - 2. What is i(y)?
-8
Suppose -2*c + 7 = -19. Suppose -4*t - 2*q = 1 + c, 2*q = -2. Let a(p) = -4*p**2 + 1 + 3 + 2*p**2 + 3*p**2 + 5*p. What is a(t)?
-2
Let v(g) = 2*g + 9. Let y(n) = n**2 + 13*n + 16. Let s(r) = 11*r**3 - r**2 + 1. Let p be s(-1). Let k be y(p). What is v(k)?
-3
Let w(v) = v**3 + 4*v**2 + 4*v - 4. Let o(z) = -z**3 - 4*z**2 - 4*z + 3. Let b(j) = 5*o(j) + 4*w(j). Suppose c = -n - 4, 0 = 2*n - n 